4*r + 1426, 4*b - 5*r - 408 = 176. Calculate the remainder when b is divided by a.
15
Let m = 2316 - 2289. Calculate the remainder when m is divided by 14.
13
Let t = 2189 + -2161. Let z(w) = 10*w**3 + 4*w**2 - 2*w - 2. Calculate the remainder when z(2) is divided by t.
6
Let u be 0 - (-2050)/5*2/(-5). Let i = 275 + u. What is the remainder when i is divided by 8?
7
Suppose 0 = -65*j - 1871 + 13462 + 5504. What is the remainder when 575 is divided by j?
49
Suppose -3*u + 0 = -4*f + 7, 8 = -f + 4*u. Suppose 3*a = f*a - 4*w - 66, -2*w + 210 = 4*a. Calculate the remainder when 319 is divided by a.
49
Suppose 21*p - 75 = 18*p. Let t = p - 24. Calculate the remainder when 3 is divided by t.
0
Let i(j) = 2*j**3 + 5*j**2 - 3*j - 15. Let o be i(-5). Calculate the remainder when (o/1)/(-6 - (-13 - -8)) is divided by 16.
13
Let g(d) = -5*d**3 + 3*d**2 - 2*d**3 + 2 + 2*d + 4*d**3 + 1. Suppose -5*j - 57 = -4*i, 2*i = -j + 4*j + 27. What is the remainder when g(-2) is divided by i?
17
Suppose -12*f - 1512 = -18*f. Let j be (-1)/(-6)*2*(-1 - -79). Calculate the remainder when f is divided by (-12)/(-10)*1105/j.
48
Let z = -783 + 780. Calculate the remainder when 71 + 1 + -1 + 3 is divided by (z + 45/5)*77/42.
8
Let t = 1 - 1. Suppose t = 2*o - 7*o + 15. Calculate the remainder when (96/(-432))/((-4)/342) is divided by o.
1
Suppose -5*x - 5*n + 310 = 80, -4*n - 4 = 0. What is the remainder when 54 is divided by x?
7
Calculate the remainder when (-18)/12*6/9*(-2 - 53) is divided by 12.
7
Let w(i) = 144*i**2 + 6*i - 2. Let d = -323 - -324. What is the remainder when w(d) is divided by 30?
28
Calculate the remainder when 4/(-34) - (-13472)/68 is divided by 132.
66
Let c be 3/(-12) + (-210)/(-8). Suppose -74 + c = 4*b. Let o = b + 65. Calculate the remainder when o is divided by 28.
25
Let a(h) = -14*h + 3. Let o be a(1). Let s(w) = w**2 + 10*w - 8. What is the remainder when 7 is divided by s(o)?
1
Suppose -4*v = o - 2*v - 5, 3 = -o + 2*v. Let h be (-109)/o*(-1)/1. Let a = 135 - h. What is the remainder when 65 is divided by a?
13
Suppose 49 = 3*p - 2. Let r(v) = -4*v**2 - 47*v - 49. Calculate the remainder when r(-9) is divided by p.
16
Let f(c) = c**3 - 7*c**2 - 45*c + 19. Calculate the remainder when (-1843)/(-5) + 6/(-10) - 3 is divided by f(11).
5
Suppose 3*x + 13 = 4*x. Suppose -11*t = -x*t + 8. Suppose -2*g = -t*g + 2*y + 324, 675 = 4*g + 5*y. Calculate the remainder when g is divided by 56.
53
Suppose 1589 = -67*b + 4333 + 2549. Calculate the remainder when b is divided by (6/(-9))/((-2)/114).
3
Let x(z) = 2*z**2 + 266*z + 1137. What is the remainder when 1153 is divided by x(-129)?
103
Suppose -412 = -3*s - 4*k - 72, -320 = -3*s + k. Suppose 4*d = -d + 3*q + s, d - q = 22. Calculate the remainder when 30 is divided by d.
9
Let p(d) = 2*d**2 - 1766*d - 45382. Let w = 3 + 1. Suppose w*z = 5*z - 64. What is the remainder when z is divided by p(-25)?
10
Let x(u) = -u**2 + 13*u + 214. What is the remainder when x(-7) is divided by 12?
2
Let x(l) = 15*l - 3. Let u(o) = o**2 - 49*o + 446. What is the remainder when u(39) is divided by x(1)?
8
Suppose -10*j + 506 = -4. Suppose b - j = 4. Calculate the remainder when 65/b - 2/11 is divided by 1.
0
Suppose 5*v - 3*m = v + 135, 2*v = -3*m + 63. Suppose -21*g - 264 = -v*g. Calculate the remainder when g is divided by 1.
0
Let w(i) = -13*i - 828. Calculate the remainder when w(-65) is divided by (-18)/(-27) + 74/6.
4
Let z(t) = -t**3 - 6*t**2 - 11*t - 9. Let n be z(-4). Let u(i) = i**3 - 3*i**2 + 9. Calculate the remainder when (-2 - 3)*12/(-5) is divided by u(n).
3
Suppose 2*t - w = 19, -t + 3*w = -2*w - 14. Suppose 2*a + 0*b - b = 24, -3*a = 2*b - 36. Calculate the remainder when (-48)/t*(1 + (-75)/a) is divided by 11.
6
Suppose -3*v + 2*v = -8. Let j = -37 + 37. Suppose 153 = -j*y + 9*y. What is the remainder when y is divided by v?
1
Let b = -103 + 201. Suppose 0 = -13*i + 618 - b. Calculate the remainder when 156 is divided by i.
36
Let m = 317 + -45. Suppose -6*d = -10*d + m. Suppose -4*t = -68 - d. What is the remainder when t is divided by 19?
15
Let w = 148 + -137. Suppose -540 = -38*p + w*p. Calculate the remainder when p is divided by (-1)/(-4) - (-372)/48.
4
Let o(q) = 5*q**3 - 2*q**2 + q - 11. Let n(g) = 5*g + 53. Let d be n(-10). What is the remainder when o(d) is divided by 22?
21
Let t(r) = -11*r + 4 - r**3 + 4*r**2 + 7 + 7*r**2. Let h be t(9). Suppose -2*y - k = -h, 3*k - 47 = -y + 5*k. Calculate the remainder when y is divided by 21.
18
Let b(y) = -y**3 - 8*y**2 - 6*y + 9. Suppose 14*a - 15 = 13*a. What is the remainder when b(-8) is divided by a?
12
Let c(h) = -h**3 + 3*h**2 + 2*h - 6. Let j be c(4). Let x = -8 - j. What is the remainder when (1017/(-678))/((-1)/6) is divided by x?
3
Let d = -2459 - -2499. What is the remainder when d is divided by 15?
10
Suppose 284*t - 30 = 278*t. Suppose 2*o = 5*o + 15, -u + 145 = 2*o. Suppose 190 = t*a + u. Calculate the remainder when 41 is divided by a.
6
Let r(f) = -7*f - 4. Let i be r(-12). Let o = i + -73. What is the remainder when 14 is divided by (2 + o/(-2))*-4?
2
Let b be (-2)/(-8)*-2 + 40/16. Suppose 0 = b*f + 41 - 93. Suppose -2*t = -4*u + 14, -18 + 45 = 3*u + 4*t. Calculate the remainder when f is divided by u.
1
Let p(j) = -3*j**3 + 37*j**2 + 209*j - 2. Calculate the remainder when p(-5) is divided by 2.
1
Suppose -62*w = -58*w - 284. Suppose z - 3*a - 13 = 42, -5*a + w = z. Calculate the remainder when 241 is divided by z.
58
Let g be (64/24)/(1/(-6)). Let m(f) = 12*f + 209. Calculate the remainder when 381 is divided by m(g).
7
Suppose 29*r - 22*r - 574 = 0. Suppose 7*y + 466 = 81. Let d = y + r. What is the remainder when d is divided by 14?
13
Suppose 2*o = -2*r + 196, -2*r - 3 = 1. Suppose 0 = -y - 7 + 53. Suppose y = 4*z - 22. Calculate the remainder when o is divided by z.
15
Calculate the remainder when 1366 + (546/26)/21 + (-2)/1 is divided by 81.
69
Let a = 1536 - 1481. What is the remainder when 58 is divided by a?
3
Suppose -807 - 753 = -6*v. Suppose -v = -5*d + 115. Calculate the remainder when 13 is divided by (-12)/(-10)*d/10.
4
Let q(w) = -133*w + 39. Let m be q(-7). Suppose 0*g = 2*g - m. What is the remainder when g is divided by 54?
53
What is the remainder when 492 is divided by (-4)/(-176)*22 + (-178)/(-4)?
42
Suppose 117*f = 187*f + 136*f - 1236. Suppose -18 = a - 4*u, 4*u + 0*u = -2*a + 24. Calculate the remainder when f is divided by (-4 + 2/a)/(-1).
0
Let v(q) = 2*q**2 + 16*q - 267. What is the remainder when v(11) is divided by 76?
75
Suppose 4*s + 71 + 30 = v, v = 5*s + 101. Calculate the remainder when 717 is divided by v.
10
Calculate the remainder when (3 + 250)/1 - 14 is divided by 72.
23
Let r(a) = -a**3 - 2*a - 2. Let n = 272674 - 272623. Calculate the remainder when n is divided by r(-3).
20
Let g = 21789 - 20880. What is the remainder when g is divided by 24?
21
Suppose 0 = 3*y - 3*m + 2*m - 470, 0 = -2*m + 2. What is the remainder when 1393 is divided by y?
137
Let i = 238 + -178. Suppose 2*s - c = 4*s - 126, -s + i = -c. Calculate the remainder when s is divided by 13.
10
Let k(g) = -12*g**2 - 2*g + 6. Let o(c) = -25*c**2 - 4*c + 13. Let x(t) = 5*k(t) - 3*o(t). Calculate the remainder when x(4) is divided by 30.
29
Suppose 275 = 2*l + 23*l. Suppose 0 = l*m + 309 - 1112. Calculate the remainder when m is divided by 15.
13
What is the remainder when 6/(-24) + (18/60)/((-30)/(-17425)) is divided by 18?
12
Let l(q) = 43*q**2 - 947*q + 30. What is the remainder when 107 is divided by l(22)?
3
Suppose 2552 - 1073 = 43*f - 18774. Calculate the remainder when f is divided by 48.
39
Suppose -b - a = -11, 5*b + 34 = -4*a + 86. Let y(n) = n + 104. Let p = 37 + -18. What is the remainder when y(b) is divided by p?
17
Suppose 0 = -n + 5*a + 40, 0 = -5*n + a + 76 + 4. Suppose -14*v = -336 + 4284. Let h = n - v. Calculate the remainder when h is divided by 20.
17
Let x = 16587 + -16033. What is the remainder when x is divided by 252?
50
Suppose 289*m = 292*m + 6*d - 147, 0 = 3*m + 2*d - 147. Calculate the remainder when m is divided by 1/4 - (-143)/4.
13
Let g be 44415/180 - 1/(-4). Suppose -2*b + 237 = 3*r, 16*r - 11*r = -2*b + g. Calculate the remainder when b is divided by 28.
27
Let v = 5869 - 5849. Calculate the r